{"id":2908,"date":"2026-02-26T18:01:07","date_gmt":"2026-02-26T18:01:07","guid":{"rendered":"http:\/\/www.albalak.cz\/?page_id=2908"},"modified":"2026-02-27T15:33:05","modified_gmt":"2026-02-27T15:33:05","slug":"povrchova-uprava-kovu","status":"publish","type":"page","link":"https:\/\/www.albalak.cz\/?page_id=2908","title":{"rendered":"Povrchov\u00e1 \u00faprava kov\u016f"},"content":{"rendered":"\n<div class=\"wp-block-group\"><div class=\"wp-block-group__inner-container\">\n<div class=\"wp-block-group\"><div class=\"wp-block-group__inner-container\"><\/div><\/div>\n<\/div><\/div>\n\n\n\n<p><\/p>\n\n\n\n<div class=\"wp-block-columns are-vertically-aligned-center\">\n<div class=\"wp-block-column is-vertically-aligned-center\">\n<div class=\"wp-block-cover has-background-dim\" style=\"background-image:url(http:\/\/www.albalak.cz\/wp-content\/uploads\/2026\/02\/zarubne.jpg);min-height:undefinedpx\"><div class=\"wp-block-cover__inner-container\">\n<h4 class=\"has-text-align-center\"><a href=\"http:\/\/www.albalak.cz\/?page_id=8(otev\u0159e se na nov\u00e9 z\u00e1lo\u017ece)\" title=\"http:\/\/www.albalak.cz\/?page_id=8(otev\u0159e se na nov\u00e9 z\u00e1lo\u017ece)\"><span class=\"has-inline-color has-white-color\">PR\u00c1\u0160KOV\u00c9<\/span><\/a><\/h4>\n\n\n\n<h4 class=\"has-text-align-center\"><a href=\"http:\/\/www.albalak.cz\/?page_id=8(otev\u0159e se na nov\u00e9 z\u00e1lo\u017ece)\" title=\"http:\/\/www.albalak.cz\/?page_id=8(otev\u0159e se na nov\u00e9 z\u00e1lo\u017ece)\"><span class=\"has-inline-color has-white-color\">LAKOV\u00c1N\u00cd<\/span><\/a><\/h4>\n<\/div><\/div>\n<\/div>\n\n\n\n<div class=\"wp-block-column is-vertically-aligned-center\">\n<div class=\"wp-block-cover has-background-dim\" style=\"background-image:url(http:\/\/www.albalak.cz\/wp-content\/uploads\/2024\/01\/kolotoc-3-e1706642961418.jpg)\"><div class=\"wp-block-cover__inner-container\">\n<h4 class=\"has-text-align-center\"><a href=\"http:\/\/www.albalak.cz\/?page_id=2436\" title=\"http:\/\/www.albalak.cz\/?page_id=2436\"><span class=\"has-inline-color has-white-color\">POGUMOV\u00c1N\u00cd<\/span><\/a><\/h4>\n<\/div><\/div>\n<\/div>\n\n\n\n<div class=\"wp-block-column\">\n<div class=\"wp-block-cover has-background-dim\" style=\"background-image:url(http:\/\/www.albalak.cz\/wp-content\/uploads\/2020\/11\/teflonovani-scaled.jpg);background-position:53% 45%;min-height:undefinedpx\"><div class=\"wp-block-cover__inner-container\">\n<h4 class=\"has-text-align-center\"><a href=\"http:\/\/www.albalak.cz\/?page_id=147(otev\u0159e se na nov\u00e9 z\u00e1lo\u017ece)\" title=\"http:\/\/www.albalak.cz\/?page_id=147(otev\u0159e se na nov\u00e9 z\u00e1lo\u017ece)\"><span class=\"has-inline-color has-white-color\">TEFLONOV\u00c1N\u00cd<\/span><\/a><\/h4>\n<\/div><\/div>\n<\/div>\n<\/div>\n\n\n\n<p><\/p>\n","protected":false},"excerpt":{"rendered":"","protected":false},"author":1,"featured_media":0,"parent":0,"menu_order":1,"comment_status":"closed","ping_status":"closed","template":"","meta":[],"_links":{"self":[{"href":"https:\/\/www.albalak.cz\/index.php?rest_route=\/wp\/v2\/pages\/2908"}],"collection":[{"href":"https:\/\/www.albalak.cz\/index.php?rest_route=\/wp\/v2\/pages"}],"about":[{"href":"https:\/\/www.albalak.cz\/index.php?rest_route=\/wp\/v2\/types\/page"}],"author":[{"embeddable":true,"href":"https:\/\/www.albalak.cz\/index.php?rest_route=\/wp\/v2\/users\/1"}],"replies":[{"embeddable":true,"href":"https:\/\/www.albalak.cz\/index.php?rest_route=%2Fwp%2Fv2%2Fcomments&post=2908"}],"version-history":[{"count":57,"href":"https:\/\/www.albalak.cz\/index.php?rest_route=\/wp\/v2\/pages\/2908\/revisions"}],"predecessor-version":[{"id":3024,"href":"https:\/\/www.albalak.cz\/index.php?rest_route=\/wp\/v2\/pages\/2908\/revisions\/3024"}],"wp:attachment":[{"href":"https:\/\/www.albalak.cz\/index.php?rest_route=%2Fwp%2Fv2%2Fmedia&parent=2908"}],"curies":[{"name":"wp","href":"https:\/\/api.w.org\/{rel}","templated":true}]}}