{"id":7,"date":"2017-12-11T16:10:47","date_gmt":"2017-12-11T16:10:47","guid":{"rendered":"http:\/\/www.albalak.cz\/?page_id=7"},"modified":"2026-02-27T15:46:51","modified_gmt":"2026-02-27T15:46:51","slug":"o-nas","status":"publish","type":"page","link":"https:\/\/www.albalak.cz\/","title":{"rendered":"\u00davod"},"content":{"rendered":"\n<div class=\"wp-block-columns\">\n<div class=\"wp-block-column\">\n<div class=\"wp-block-cover has-background-dim\" style=\"background-image:url(https:\/\/www.albalak.cz\/wp-content\/uploads\/2026\/02\/UVODNI.png);background-position:73% 32%\"><div class=\"wp-block-cover__inner-container\">\n<h4 class=\"has-text-align-center\"><a href=\"http:\/\/www.albalak.cz\/?page_id=2908\" title=\"http:\/\/www.albalak.cz\/?page_id=2908\"><span class=\"has-inline-color has-white-color\"><strong>POVRCHOV\u00c1 \u00daPRAVA KOV\u016e<\/strong><\/span><\/a><\/h4>\n\n\n\n<p class=\"has-text-align-center has-white-color has-text-color\" style=\"font-size:17px\"><a href=\"http:\/\/www.albalak.cz\/?page_id=8(otev\u0159e se na nov\u00e9 z\u00e1lo\u017ece)\" title=\"http:\/\/www.albalak.cz\/?page_id=8(otev\u0159e se na nov\u00e9 z\u00e1lo\u017ece)\">PR\u00c1\u0160KOV\u00c9 LAKOV\u00c1N\u00cd<\/a><\/p>\n\n\n\n<p class=\"has-text-align-center has-white-color has-text-color\" style=\"font-size:17px\"><a href=\"http:\/\/www.albalak.cz\/?page_id=2436\" title=\"http:\/\/www.albalak.cz\/?page_id=2436\">POGUMOV\u00c1N\u00cd<\/a><\/p>\n\n\n\n<p class=\"has-text-align-center has-white-color has-text-color\" style=\"font-size:17px\"><a href=\"http:\/\/www.albalak.cz\/?page_id=147(otev\u0159e se na nov\u00e9 z\u00e1lo\u017ece)\" title=\"http:\/\/www.albalak.cz\/?page_id=147(otev\u0159e se na nov\u00e9 z\u00e1lo\u017ece)\">TEFLONOV\u00c1N\u00cd<\/a><\/p>\n<\/div><\/div>\n<\/div>\n\n\n\n<div class=\"wp-block-column\">\n<div class=\"wp-block-group\"><div class=\"wp-block-group__inner-container\">\n<div class=\"wp-block-cover has-background-dim\" style=\"background-image:url(http:\/\/www.albalak.cz\/wp-content\/uploads\/2026\/02\/file_000000002090722f9057f9984bb9685d.png)\"><div class=\"wp-block-cover__inner-container\">\n<h4 class=\"has-text-align-center\"><a href=\"http:\/\/www.albalak.cz\/?page_id=9(otev\u0159e se na nov\u00e9 z\u00e1lo\u017ece)\" title=\"http:\/\/www.albalak.cz\/?page_id=9(otev\u0159e se na nov\u00e9 z\u00e1lo\u017ece)\"><span class=\"has-inline-color has-white-color\"><strong>REPASE A SERVIS<\/strong><\/span><\/a><\/h4>\n\n\n\n<p class=\"has-text-align-center has-white-color has-text-color\" style=\"font-size:17px\"><a href=\"http:\/\/www.albalak.cz\/?page_id=9(otev\u0159e se na nov\u00e9 z\u00e1lo\u017ece)\" title=\"http:\/\/www.albalak.cz\/?page_id=9(otev\u0159e se na nov\u00e9 z\u00e1lo\u017ece)\">REPASE VANI\u010cEK PRO NAN\u00c1\u0160EN\u00cd LEPIDLA<\/a><\/p>\n\n\n\n<p class=\"has-text-align-center has-white-color has-text-color\" style=\"font-size:17px\"><a href=\"http:\/\/www.albalak.cz\/?page_id=9(otev\u0159e se na nov\u00e9 z\u00e1lo\u017ece)\" title=\"http:\/\/www.albalak.cz\/?page_id=9(otev\u0159e se na nov\u00e9 z\u00e1lo\u017ece)\">SERVIS     D\u0158EVOOBR\u00c1B\u011aC\u00cdCH    STROJ\u016e<\/a><\/p>\n<\/div><\/div>\n<\/div><\/div>\n<\/div>\n<\/div>\n\n\n\n<div class=\"wp-block-group\"><div class=\"wp-block-group__inner-container\"><\/div><\/div>\n\n\n\n<div class=\"wp-block-group\"><div class=\"wp-block-group__inner-container\">\n<h4 style=\"text-align: center;\"><span style=\"color: #000000;\">Na\u0161im zam\u011b\u0159en\u00edm je povrchov\u00e1 \u00faprava kovov\u00fdch povrch\u016f. D\u00e1le prov\u00e1d\u00edme repase vani\u010dek pro nan\u00e1\u0161en\u00ed lepidla a servis d\u0159evoobr\u00e1b\u011bc\u00edch stroj\u016f.<\/span><\/h4>\n<h6 style=\"text-align: center;\"><span style=\"color: #000000;\">Vyu\u017e\u00edv\u00e1me letit\u00fdch zku\u0161enost\u00ed se zachov\u00e1n\u00edm vysok\u00e9ho standardu kvality, v\u010detn\u011b flexibility vy\u0159izov\u00e1n\u00ed objedn\u00e1vek.<\/span><\/h6>\n<h6 style=\"text-align: center;\"><span style=\"color: #000000;\">Zab\u00fdv\u00e1me se rovn\u011b\u017e servisem a instalac\u00ed d\u0159evoobr\u00e1b\u011bc\u00edch stroj\u016f, za\u0159\u00edzen\u00ed a uveden\u00edm do provozu. <\/span><\/h6>\n<h6 style=\"text-align: center;\"><span style=\"color: #000000;\">Sou\u010dasn\u011b garantujeme i komplexn\u00ed servis t\u011bchto stroj\u016f.<\/span><\/h6>\n<\/div><\/div>\n","protected":false},"excerpt":{"rendered":"","protected":false},"author":1,"featured_media":566,"parent":0,"menu_order":0,"comment_status":"closed","ping_status":"closed","template":"","meta":[],"_links":{"self":[{"href":"https:\/\/www.albalak.cz\/index.php?rest_route=\/wp\/v2\/pages\/7"}],"collection":[{"href":"https:\/\/www.albalak.cz\/index.php?rest_route=\/wp\/v2\/pages"}],"about":[{"href":"https:\/\/www.albalak.cz\/index.php?rest_route=\/wp\/v2\/types\/page"}],"author":[{"embeddable":true,"href":"https:\/\/www.albalak.cz\/index.php?rest_route=\/wp\/v2\/users\/1"}],"replies":[{"embeddable":true,"href":"https:\/\/www.albalak.cz\/index.php?rest_route=%2Fwp%2Fv2%2Fcomments&post=7"}],"version-history":[{"count":162,"href":"https:\/\/www.albalak.cz\/index.php?rest_route=\/wp\/v2\/pages\/7\/revisions"}],"predecessor-version":[{"id":3041,"href":"https:\/\/www.albalak.cz\/index.php?rest_route=\/wp\/v2\/pages\/7\/revisions\/3041"}],"wp:featuredmedia":[{"embeddable":true,"href":"https:\/\/www.albalak.cz\/index.php?rest_route=\/wp\/v2\/media\/566"}],"wp:attachment":[{"href":"https:\/\/www.albalak.cz\/index.php?rest_route=%2Fwp%2Fv2%2Fmedia&parent=7"}],"curies":[{"name":"wp","href":"https:\/\/api.w.org\/{rel}","templated":true}]}}